- 1. Let h(g) = -3 - 32*g - 37*g + 67*g. Let a(u) = 3*h(u) - 5*m(u). Determine a(-5).
1
Let f(z) = -z. Suppose 5*b + h + 21 = 0, 0*b + 8 = -b - 4*h. What is f(b)?
4
Let w be (13/(-7) - -2)*0. Let k(c) be the third derivative of 0 - 1/60*c**5 + 0*c - 1/3*c**3 + 2*c**2 + w*c**4. Determine k(0).
-2
Let r(a) = -a**2 - 6*a - 3. Let t be r(-5). Let n(v) be the first derivative of -1/3*v**3 - 2 - v**t + 7*v. Determine n(-5).
-8
Let x(u) = 8*u**2 - 5*u - 3. Suppose 4*g - 1 - 3 = 0. Let l(n) = n**2 - 1. Let c(w) = g*x(w) - 6*l(w). What is c(3)?
6
Let q(f) = -f - 1. Let j be (1/2 - 1)/(39/234). Calculate q(j).
2
Let p(x) = 0*x - x**3 - 2*x**2 + 14 + 3*x**2 + x. Let d be 4 + (182/13 - 18). Determine p(d).
14
Let u(y) = y**3 + y**2 + y. Let i be 0/7 - (3 - 5). What is u(i)?
14
Suppose f - 19 = -2. Suppose 4*h + 26 = 3*n, -15 = 3*h - 0. Suppose n*c = m + f, 3*m + 4 = -c + m. Let z(r) = -r. What is z(c)?
-6
Let p(l) = 24*l + 10. Let t(f) = 17*f + 7. Let i(w) = 5*p(w) - 7*t(w). What is i(-4)?
-3
Let o be ((-16)/12 + 0)*3. Let i(b) = -3*b - 8. Give i(o).
4
Let b(y) be the second derivative of 1/3*y**3 - 22*y + 0 + 0*y**2 - 1/3*y**4 - 1/20*y**5. Determine b(-4).
-8
Let q(w) = -10*w + 41. Let y(x) = 9*x - 38. Let t(n) = 5*q(n) + 6*y(n). What is t(7)?
5
Let g be (-40)/(-6) - 1/(-3). Suppose -3*q - 49 - 4 = -5*s, 4*q - 16 = -2*s. Let k(o) = 11 - 12 + 2*o**2 - s*o - o**2 + 11. Determine k(g).
-11
Let h be (-2)/(-12 + 225/18). Let g(v) = -4*v**2 + 4*v + 4. What is g(h)?
-76
Suppose r + 19 - 24 = 0. Let i(o) = 6*o**2 - r*o**2 + 8*o**2. Calculate i(1).
9
Let l(d) = -d**3 - 10*d**2 - 10*d + 3. Let g(r) = 8*r - 321. Let p be g(39). Give l(p).
12
Let p(l) = l + 5. Suppose g + 4*h = -15, 0 = -2*g - 2*g - 2*h + 10. Give p(g).
10
Let m(u) = u**3 + 11*u**2 - 7*u + 25. Let d be m(-12). Let s = -38 - d. Let f(a) = a**2 + 3*a - 1. Determine f(s).
-1
Suppose 36*d + 41 = 35*d. Let u = 44 + d. Let y(z) = -z**2 + 4*z. Give y(u).
3
Let b(p) = -p**3 + 5*p**2 - p - 4. Let r be b(4). Let a(c) be the third derivative of c**5/60 - 7*c**4/24 - 7*c**3/6 - 302*c**2. Determine a(r).
1
Let s(n) = 4*n**3 - 4*n**2 - 4*n + 6. Let r(f) = -5*f**3 + 5*f**2 + 5*f - 7. Let w(h) = -3*r(h) - 4*s(h). Determine w(0).
-3
Suppose 8*i - 4*i = 328. Let t = -82 + i. Let z(w) = w**2 + w + 1. Let l(b) = b. Let p(u) = -l(u) + z(u). Determine p(t).
1
Let v = -131 - -134. Let t(w) = w**2 - 6. Calculate t(v).
3
Let w(h) = 8*h + 2. Let m be 52/12 + (-4)/(-6). Let k(f) = -4*f - 1. Let c(g) = m*k(g) + 3*w(g). Suppose -3*i - x = 8, i - 2*x = -0*i + 2. What is c(i)?
-7
Suppose -4 = s, -5*j - 2*s = -3*j + 8. Let f(a) = a - 7*a**2 + 28*a**2 - 21*a**2 - 2 + a**3. Determine f(j).
-2
Let i = -4 - 0. Let o(h) = -h + 0*h - h**2 + 315 - 7*h + 3*h - 317. What is o(i)?
2
Let p(i) = i**3 + 5*i**2 - 5*i + 6. Let x(w) = 2*w**2 + 12*w + 10. Let t be x(-4). Give p(t).
0
Let k(q) = -q**2. Let j(d) = -2*d - 1. Let b(p) = -2*j(p) - k(p). What is b(-6)?
14
Let q(l) = -l**2 - 7*l - 7. Let p be 2 - -56 - (-1 - -4). Suppose -8*r - 3*r - p = 0. Give q(r).
3
Let v(d) = 4*d**2 - d + 7. Let l(k) = k**2 + 1. Let s(j) = -6*l(j) + v(j). Suppose 5*t + 641 - 631 = 0. Calculate s(t).
-5
Let f(q) = -14 - q + 0*q - 2 + 25. What is f(12)?
-3
Suppose -5*t + 2*t = -27. Let p = -18 + t. Let d = -11 - p. Let j(y) = -3*y. Determine j(d).
6
Let z(b) = 2*b**2 + 4. Let f be z(-3). Let j = 72 - f. Let w be 43/(-5) - (-30)/j. Let v(n) = -n**2 - 7*n + 5. Give v(w).
-3
Let q(r) = r**2 + 3*r - 4. Suppose j - 2 = 0, -2*j - 14 = 6*n - 3*n. Calculate q(n).
14
Let k = 14 + -8. Let g = k + -5. Let u(s) = g - 2 - 3*s - 3 + s**2. What is u(-3)?
14
Let w(n) be the second derivative of n**5/120 + 5*n**4/24 - n**3 - 6*n. Let t(d) be the second derivative of w(d). What is t(-9)?
-4
Let u(w) = -3*w + 30. Let c be ((0 - 4) + 2)/(6/(-33)). Let y be u(c). Let l(r) = r**2 - r - 3. Give l(y).
9
Let l(z) = z**3 + 3*z**2 - 3*z - 1. Suppose -33 = -p - 13. Suppose 3*o + 2*o = p. Suppose -o*m + 0*m - 8 = 0. Give l(m).
9
Let w(u) = 7366*u - 3*u**2 + u**3 + 3*u**2 - 7368*u. Let s(l) = l**2 + 6*l - 10. Let n be s(-7). Calculate w(n).
-21
Let m(i) = -i**2 + 6*i - 5. Let g be m(6). Let h = g - -5. Let b(s) be the second derivative of -s**3/6 + 7*s**2/2 - 11*s. What is b(h)?
7
Suppose 10 = -5*m, -19 - 1 = -3*a + m. Let h(b) = -a + 4 + 13*b + 2. What is h(1)?
13
Let l = -23 - -32. Suppose l*v = 3*v. Let z(d) = d**3 - d**2 - 2. What is z(v)?
-2
Let i = -241 - -338. Let a(t) = 93 + i - 202 - t. What is a(-11)?
-1
Let v(y) be the third derivative of 3*y**6/40 + y**5/60 - y**4/24 - y**3/6 - 404*y**2. What is v(-1)?
-8
Let f be -2*12/8 - 21. Let t = 22 + f. Let r(g) = -g + 1. Let y(i) = 12*i - 9. Let v(b) = 9*r(b) + y(b). Calculate v(t).
-6
Let v(a) be the third derivative of -a**6/144 + 5*a**4/8 - 14*a**2. Let h(u) be the second derivative of v(u). Determine h(-1).
5
Let h(t) be the first derivative of t**2/2 - 7*t + 552. Suppose -4*o + 28 = x + 4*x, -o = -4*x + 35. Calculate h(x).
1
Suppose -116*f - 33 = -113*f. Let m(k) = -k - 16. What is m(f)?
-5
Suppose -4*b - r + 51 = -5*b, 3*b = r - 145. Let p = b - -49. Let j(t) = t**3 - t**2 + t - 2. Calculate j(p).
4
Let b(m) be the third derivative of -m**5/10 - m**4/24 + 2*m**2. Let w(v) = 2*v**2 + 18*v + 29. Let h be w(-2). What is b(h)?
-7
Suppose -4*z - 1 = 5*s - 2, 5*z + 2*s = -3. Let v(o) = 33*o**2 + 3*o + 2. What is v(z)?
32
Let d be -15 + (-1 + -2 + 7)*-1. Let y = -24 - d. Let k(c) = -c - 8. Give k(y).
-3
Let i(y) = -y**2 - 5*y + 5. Suppose -4*a + 9*a - 10 = 0. Let j = a + -8. Determine i(j).
-1
Let t(w) = -w + 1. Let c(h) = -5*h + 2. Let y be c(6). Let u = y + 31. Suppose u*v = -0*v + 9. Calculate t(v).
-2
Let i(q) = q**3 - 8*q**2 + 6*q + 1. Let c = -29 - -26. Let v(s) = s**3 - 8*s**2 + 5*s + 2. Let p(j) = c*i(j) + 2*v(j). Let m be 1*(8 + 1 - 2). What is p(m)?
-6
Let g(d) be the third derivative of d**6/120 - d**5/10 - 7*d**4/24 - 2*d**3/3 - 263*d**2 - 2*d. Suppose 0 = 3*r + 2*r - 35. Calculate g(r).
-4
Let m(y) = y**3 - 2*y**2 + y + 1. Let g be m(2). Let i(f) = 8*f + 4 - 10*f - g*f**2 + 4*f**2. Determine i(3).
7
Suppose 5*n = 5*b + 25, 0 = -3*b - 3*n + 10 + 5. Suppose -4*x + b*x = 0. Suppose t = -x*t + 6. Let s(v) = v**2 - 6*v + 3. Give s(t).
3
Let u(m) = -m**3 - 10*m**2 - 11*m - 11. Let q(s) = -18*s + 27. Let l be q(2). Give u(l).
7
Let y(k) = 9*k - 2. Let h(d) = -8*d + 1. Let s(u) = 7*h(u) + 6*y(u). Let g(l) = -10*l + 37. Let o be g(3). What is s(o)?
-19
Let p(m) = -12*m + 127. Let g = 3084 + -3074. Calculate p(g).
7
Let r(j) = 6*j**3 - j + j**3 - 1 + j**2 + j**3. Let d = 1252 - 1253. Determine r(d).
-7
Let g(x) be the third derivative of x**5/60 + 11*x**4/24 + 7*x**3/6 + 6*x**2 + 2*x. Determine g(-6).
-23
Let m(n) be the second derivative of n**4/12 - n**3/3 + 3*n**2/2 - 5*n. Let l(q) = -35*q + 36*q + 6 - q**2 - 5. Let r(c) = -2*l(c) - m(c). What is r(0)?
-5
Suppose -2*f + 18 = 3*q - 3*f, 12 = 2*q - 3*f. Let i(d) = -8*d + 3. Let s(y) = y + 1. Let l be 3/(((-3)/(-6))/1). Let r(p) = l*s(p) + i(p). Give r(q).
-3
Let s = 333 + -332. Let b(t) = 7*t - 1. What is b(s)?
6
Let p(q) be the second derivative of -10*q**4/3 + q**3/3 + q**2/2 - q - 7. Calculate p(-1).
-41
Let z(a) be the second derivative of 1/3*a**3 + 9/2*a**2 + 0 - 19*a. Give z(-7).
-5
Let a(w) = 5*w**2 - 19*w - 8. Let o(f) = 27*f**2 - 94*f - 42. Let u(t) = -11*a(t) + 2*o(t). Calculate u(21).
4
Suppose 20*i - 37 = 3. Let o(c) be the third derivative of 0*c + 0 + 5/6*c**3 - 1/60*c**5 - 5/24*c**4 + 4*c**i. Give o(-6).
-1
Let o(j) = -3 + 2 + 2*j**2 - 3*j + 3. Let q(y) = y**2 - y + 4. Let x be q(4). Let v = 18 - x. Give o(v).
4
Let m(c) = -21 + 2*c + 12 + 9 + 9. Let u(g) = -1. Let d(b) = m(b) + 5*u(b). What is d(3)?
10
Let r(x) = -x**2 - 9*x - 10. Let d be (408/(-32) - -6) + 3/(-12). Calculate r(d).
4
Suppose -30 = d - 6*d. Let c(i) = 3*i + d - i - 11. Calculate c(4).
3
Let h(p) = 5*p + 13. Suppose 0 = -m - 3*x + 82 - 77, 10 = 2*x. Calculate h(m).
-37
Let q(s) = -s**3 + 7*s**2 + 6*s + 8. Let i be q(8). Let b be (-2 + i/(-6))*-3. Let f(n) = 3*n - 1. Let y(u) = 4*u. Let o(k) = b*y(k) - 3*f(k). What is o(-4)?
7
Suppose 0 = 4*d - 98 + 38. Let t = -13 + d. Let f(y) = -4 + t*y**2 - 2 + 2 - 4*y + y. What is f(3)?
5
Let j(q) = -6*q + 11*q + 31*q - 3*q**2 + 7 - 74*q. Let m be j(-13). Let c(x) = 